2
What is -210147 (base 9) in base 8?
-363557
240a4 (base 15) to base 4
130003120
What is 7640545 (base 10) in base 4?
131021113201
1100100100111001110000 (base 2) to base 3
20012111110200
2a224a (base 12) to base 13
1ba831
-725504 (base 8) to base 4
-322231010
91182 (base 10) to base 14
25330
What is 1ca88 (base 15) in base 8?
266477
Convert -1040504 (base 9) to base 14.
-10755c
What is 519680 (base 11) in base 6?
25503013
-13702001 (base 8) to base 9
-5765523
What is 7163a (base 15) in base 7?
3024046
Convert 4523064 (base 10) to base 11.
260a277
Convert 1121010121122 (base 3) to base 16.
cf46d
-123332013122 (base 4) to base 3
-111210112001012
What is 24a58 (base 12) in base 7?
265313
22210111100002 (base 3) to base 5
2144041333
What is 336a0f (base 16) in base 15?
468577
Convert 135142 (base 10) to base 3.
20212101021
What is -3011c7b (base 13) in base 10?
-14513315
-b86a7 (base 16) to base 5
-143132432
1225504 (base 6) to base 8
201020
Convert 25583 (base 16) to base 12.
7462b
1227414 (base 10) to base 8
4535226
Convert 43d7e (base 15) to base 3.
101221211202
-743161 (base 12) to base 10
-1830169
556112 (base 10) to base 14
106944
What is -11023200333 (base 4) in base 7?
-14353566
What is -4a81680 (base 11) in base 10?
-8816027
241001 (base 7) to base 5
2343222
Convert -16311411 (base 7) to base 4.
-12002123112
-22d91b (base 14) to base 3
-2020110021220
Convert -a6624 (base 11) to base 8.
-457014
-5588c (base 13) to base 11
-a6714
What is 25588 (base 14) in base 2?
10110011000000100
314430 (base 8) to base 11
71758
What is 55335225 (base 6) in base 10?
1661345
What is 218946 (base 14) in base 12?
46a582
Convert -2441453 (base 8) to base 2.
-10100100001100101011
What is 212020221122 (base 3) in base 11?
292a2a
-69544 (base 12) to base 8
-422704
Convert 221210111001100 (base 3) to base 10.
13708881
What is -4633210 (base 7) in base 5?
-122023100
Convert -100011010001011000 (base 2) to base 9.
-240154
Convert -2ed60 (base 15) to base 8.
-447733
What is -10130021130 (base 4) in base 9?
-2163466
-221220120101 (base 3) to base 13
-14b189
790026 (base 10) to base 3
1111010201020
Convert 204103 (base 5) to base 10.
6778
Convert 1112252 (base 7) to base 12.
67812
-848835 (base 10) to base 15
-11b790
-1113031031 (base 4) to base 9
-603875
Convert -6beb4 (base 16) to base 11.
-282121
What is 1096488 (base 10) in base 7?
12214521
Convert 10443124 (base 5) to base 4.
112311203
Convert -2549a28 (base 11) to base 7.
-52366523
-2312234 (base 11) to base 5
-2013400412
3b13718 (base 12) to base 15
1068302
-707776 (base 10) to base 8
-2546300
Convert -13356323 (base 8) to base 16.
-2ddcd3
What is 28b954 (base 16) in base 13?
725a2a
343162 (base 8) to base 4
130121302
What is -69715 (base 10) in base 7?
-410152
What is 1231210101 (base 4) in base 9?
753550
Convert 222111121 (base 3) to base 13.
8a43
-18ab61 (base 12) to base 3
-211000212101
What is -84730 (base 9) in base 13?
-1c647
Convert 33389 (base 13) to base 3.
11201102112
-111000011001111110001011 (base 2) to base 6
-1244531431
What is 111111110101 (base 2) in base 10?
4085
What is 502033 (base 13) in base 9?
3445607
697121 (base 11) to base 13
2ca161
What is -11bd77 (base 16) in base 13?
-31924c
Convert 22201120 (base 3) to base 2.
1100011011000
-2dd67d (base 14) to base 13
-445972
Convert -1c2b (base 15) to base 2.
-1011111100100
Convert 1a05ec (base 16) to base 4.
12200113230
What is -238ab4 (base 12) in base 10?
-575272
Convert -998215 (base 10) to base 14.
-1bdad1
Convert -a2418 (base 13) to base 2.
-1000110111110001101
Convert -1647426 (base 14) to base 4.
-221230133322
Convert 40424 (base 14) to base 2.
100101101101110000
Convert 5610412 (base 8) to base 7.
15564155
36671614 (base 8) to base 13
18a36aa
What is -100578 (base 11) in base 15?
-32dcb
-233006 (base 7) to base 16
-a37c
Convert -1829142 (base 11) to base 10.
-3101397
19180a (base 12) to base 14
b5a66
Convert -210718 (base 10) to base 4.
-303130132
Convert 14563331 (base 7) to base 9.
2553812
-175616 (base 13) to base 6
-20300102
What is -55a7c (base 15) in base 4?
-1002133233
Convert 4411400012 (base 5) to base 14.
138b3a9
What is 531a1 (base 12) in base 16?
1aa49
What is 4dbe3 (base 16) in base 6?
10454123
What is -42421454 (base 6) in base 12?
-50188a
What is -29e362 (base 15) in base 5?
-1004204032
Convert -27d1f7 (base 16) to base 2.
-1001111101000111110111
-a5060 (base 13) to base 5
-33443143
2b48c (base 13) to base 6
1432001
Convert -58d12 (base 14) to base 13.
-77783
10000000000011001 (base 2) to base 4
100000121
What is 303033 (base 9) in base 11?
112839
What is -10001010101000010101111 (base 2) in base 12?
-1630a13
Convert -c70524 (base 14) to base 3.
-110122121100002
What is -472427 (base 10) in base 9?
-800038
-338d7 (base 14) to base 3
-20100210102
Convert -707b0 (base 13) to base 6.
-4151421
Convert 2272322 (base 8) to base 7.
5160536
Convert 38962 (base 12) to base 7.
441443
What is -122200213113 (base 4) in base 3?
-111002001200210
What is 3993456 (base 11) in base 13?
1577b0a
What is 1612335 (base 7) in base 3?
102021012000
-10365136 (base 9) to base 8
-23053751
What is 522033 (base 7) in base 12?
439a3
-1255504 (base 6) to base 4
-101011000
What is 536635 (base 15) in base 4?
33021111200
Convert 742c5 (base 13) to base 15.
41ec9
a4a256 (base 11) to base 8
6326377
Convert -3220033332 (base 4) to base 6.
-32220050
-356332 (base 8) to base 7
-1015621
-101331502 (base 6) to base 12
-706b92
-1c1ac (base 15) to base 10
-91512
5430646 (base 9) to base 7
33523332
145c9 (base 13) to base 11
26902
What is 1041002 (base 7) in base 14?
34702
-291669 (base 10) to base 16
-47355
What is 16591 (base 16) in base 8?
262621
1404253 (base 7) to base 9
313604
-1279a16 (base 12) to base 4
-31322011302
-ec6a9 (base 16) to base 8
-3543251
Convert 2440142 (base 6) to base 11.
89465
1a0 (base 16) to base 5
3131
Convert -154617b (base 15) to base 12.
-51b21bb
17241256 (base 8) to base 5
2011433031
110051663 (base 7) to base 14
c3b8a3
95905 (base 11) to base 8
420376
Convert -e6ee9 (base 15) to base 3.
-1101012121210
What is -808c7 (base 15) in base 8?
-1432713
Convert 1203156 (base 7) to base 9.
252023
Convert 173435 (base 9) to base 10.
107519
20311103221 (base 4) to base 8
10652351
131131120 (base 7) to base 12
2980107
Convert -2951a9a (base 11) to base 9.
-10474525
Convert 13431244002 (base 5) to base 15.
17e961c
Convert -a52e2 (base 16) to base 8.
-2451342
-3541654 (base 8) to base 15
-141a66
What is -6c904 (base 15) in base 2?
-1010100100010100111
Convert 2370865 (base 9) to base 8.
4721007
What is -33372 (base 11) in base 8?
-136346
-82dc (base 14) to base 7
-122465
What is -1110100001000100000101 (base 2) in base 4?
-32201010011
What is -3243a (base 11) in base 10?
-47112
-18347 (base 11) to base 12
-12a5b
Convert -e70be (base 15) to base 12.
-2b3b22
What is -471018 (base 9) in base 3?
-112101000122
-666cd (base 14) to base 2
-111100100111111101
What is 1153435 (base 10) in base 4?
10121212123
-64565 (base 7) to base 3
-211001012
What is 205251361 (base 7) in base 10?
12163999
What is 11221220002 (base 3) in base 4?
113311013
What is 161e57 (base 16) in base 11?
900091
Convert -4d142 (base 14) to base 7.
-1416512
Convert 2332211 (base 4) to base 13.
5723
What is -10202120121211 (base 3) in base 15?
-297617
Convert 15b55a8 (base 13) to base 9.
14163086
1102210020022 (base 3) to base 6
24210225
1000132 (base 4) to base 8
10036
What is e632a (base 16) in base 14?
1a7894
-332034 (base 6) to base 13
-c796
-13090 (base 14) to base 16
-b6b6
Convert -3578761 (base 10) to base 6.
-204412201
Convert 440553 (base 7) to base 13.
2913c
31b31 (base 12) to base 6
1223301
What is -101110000001111 (base 2) in base 12?
-1177b
What is -21939 (base 13) in base 9?
-102463
-16666144 (base 7) to base 8
-6220350
What is 22110122111 (base 3) in base 10?
166684
-1001111010110000001 (base 2) to base 4
-1033112001
What is 357205 (base 9) in base 6?
4340222
What is 1011011010100101000 (base 2) in base 15?
75c71
-101222222 (base 6) to base 13
-491309
Convert 132493 (base 15) to base 3.
1201200200110
What is -4631353 (base 9) in base 3?
-11201001101210
What is -1cbd5 (base 15) in base 14?
-26280
Convert 3155230 (base 6) to base 16.
25f02
13aa40 (base 11) to base 